**3/3 + 6*y**2 - 7*y. Let r = 5 - 10. Let g(v) = r*m(v) + 6*h(v). What is g(-4)?
-10
Let i(s) be the first derivative of s**2 + 3*s - 3 - 1/3*s**3. Let b = -6 - -9. Calculate i(b).
0
Let r(o) be the second derivative of -o**6/720 - o**4/12 + 8*o. Let c(w) be the third derivative of r(w). Let g(a) = 2*a + 1. Let n be g(-2). Determine c(n).
3
Let i(k) be the second derivative of 1/6*k**3 - 1/2*k**2 + 0 - k. What is i(3)?
2
Let d(j) = -j**2 + 6 - 11 + 6. Let g(a) = -a**3 - 2*a**2 - 2*a + 5. Let b(k) = -4*d(k) + g(k). Determine b(1).
0
Let a(t) be the second derivative of 0 - 1/6*t**3 + t - 1/12*t**4 + 3*t**2. Determine a(0).
6
Let z(m) = 0 - 5*m + m + 3*m - 2. Let c = -11 - -15. Give z(c).
-6
Suppose -10 = 2*j - 0*j. Let r(w) be the second derivative of -1/2*w**3 + 0 + 3/2*w**2 - 1/12*w**4 - w. Give r(j).
-7
Let s be (-2)/(-6) + 15/9. Let k(b) = b - 5. Let w(i) = 4. Let o(j) = -3*k(j) - 4*w(j). Determine o(s).
-7
Let f be (-130)/(-4) + 4/8. Suppose -v + 13 = -m, 4*v - 2*m - f - 19 = 0. Suppose v + 7 = -5*l. Let b(n) = n**2 + 4*n - 3. What is b(l)?
-3
Let b(k) = -k**3 + 6*k**2 + 8*k - 5. Let u be b(7). Let r(o) = 5 + 2*o**2 + u*o + 2*o**3 + o**3 - 4. Determine r(-1).
-2
Let a(v) = v**3 + 4*v**2 + v + 5. Let i be (18 - 2)/(-4)*1. Calculate a(i).
1
Let z(t) = t**2. Let w(n) = n**2 - 9*n - 12. Let s be w(12). Let m be (s/2)/((-6)/4). Let b = -7 - m. Give z(b).
1
Suppose 0 = 16*q - 22*q + 36. Let f(h) = h + 7. What is f(q)?
13
Let j(l) = -l**3 - 6*l**2 - 6*l - 4. Let k(w) = w**3 + 16*w**2 - 18*w - 22. Let q be k(-17). Determine j(q).
1
Suppose -5*q + 3*p = -8, -3*q + p - 2 + 6 = 0. Let i(y) = y**2 + 1. Calculate i(q).
2
Let f(v) be the first derivative of 3*v**2/2 + v + 2. Let d be (-1)/(-4) + 93/12. Suppose -4*z + 0 - d = 0. Determine f(z).
-5
Let n(a) = -2*a**2 - 5 + 2*a**2 - a**2 - 4*a. Let x be 330/(-70) + (-4)/14. Give n(x).
-10
Let a(s) be the first derivative of s**4/4 + s**3/3 - 3*s**2/2 + 3*s - 24. Calculate a(-3).
-6
Let o(g) = g**3 - 4*g**2 - g - 1. Let k(c) = 0*c**3 - c**3 - 5*c**2 - 12*c + 10*c - 6. Let q be k(-5). Calculate o(q).
-5
Suppose 4*p = 2*p + 2*m + 18, 3*m = -12. Suppose -n + 28 = -p*b, n - 9 = 3*n + 3*b. Let w(y) = 5*y - y**3 - n*y**2 - 5*y - y**2 + 2 - 2*y. Give w(-3).
-1
Let l(q) be the first derivative of q**4/4 + 4*q**3/3 - q**2/2 + 3*q - 37. What is l(-4)?
7
Let w(c) be the third derivative of c**6/120 - c**5/30 + c**3/6 + 2*c**2. Let t(h) = 2*h**2 - 1. Let o be t(1). Give w(o).
0
Let b be (-2 - -4)*(-3)/(-1). Let o(i) = -35 - 33 + i + 63. Give o(b).
1
Let r(i) = -i**3 - 3*i**2 + 3*i. Suppose 5*h + 27 = 37. What is r(h)?
-14
Let t = 1 + 0. Suppose 3*y + t = 4*j, y + 2*y + 3*j = 6. Suppose -y - 1 = m. Let g(a) = -a**3 + 3*a + 1. What is g(m)?
3
Let k(u) be the third derivative of u**3 - 3*u**2 + 0 - 1/24*u**4 + 0*u. Calculate k(0).
6
Let t(c) = -15*c. Let q = -41 - -40. Give t(q).
15
Let m(c) = c**2 + 19*c - 17. Let r be m(-20). Let f(j) = -j + 1. Determine f(r).
-2
Suppose 16 = -4*k, -a = 2*k - 6*k - 20. Let d(s) = 6*s + s**2 + 0*s**2 - 2*s**2. What is d(a)?
8
Let v(y) be the third derivative of -y**6/120 - y**5/12 - y**3/2 - 2*y**2. Let t be (-2)/8 + (-57)/12. Calculate v(t).
-3
Let v = -19 + 14. Let x(p) = p**3 + 4*p**2 - 5*p + 6. Give x(v).
6
Let q(n) be the first derivative of -n**2/2 - 3*n + 22. What is q(-8)?
5
Let i(f) = 7*f + 1. Let g(u) = 1. Let w(y) = 2*g(y) - i(y). Calculate w(1).
-6
Let k = -2 + 7/3. Let x(l) be the second derivative of -2*l + 1/12*l**4 + 0 - k*l**3 - 5/2*l**2. What is x(4)?
3
Let s(h) = 2*h**2 + 2 - 3 + 0*h**3 - 4*h**3. Give s(-1).
5
Let o(z) be the third derivative of z**7/105 - z**6/360 - z**3/2 - 8*z**2. Let v(j) be the first derivative of o(j). Calculate v(-1).
-9
Let s(z) = 2*z**2 - 11*z - 4. Let b be s(6). Let t(a) = -3*a**2 + 1. Give t(b).
-11
Suppose -5*u = 5*j - 6 - 9, -6 = -2*u. Let p(b) = j*b - 5 + 4 - b + 5*b**2 - 10*b**2. Let y = -2 + 1. What is p(y)?
-5
Let o(l) be the first derivative of 1/4*l**4 - 10 + 7/3*l**3 + 5*l + 7/2*l**2. Determine o(-6).
-1
Let k be 35/11 + (-10)/55. Suppose -z - 1 = -3*f + 9, -k*f = -5*z - 26. Let v(l) be the second derivative of -2*l**3/3 + 3*l**2/2 - 3*l. Determine v(f).
-5
Let q(x) = 9*x. Let k = -16 + 19. Suppose -1 = v, -k*h - v - 2 = -2*v. Calculate q(h).
-9
Let i(g) be the third derivative of -g**5/60 + g**4/8 + g**3/6 + 2*g**2 - 15. Determine i(3).
1
Let n be 6/12*(-6 - 0). Let x(c) = -c**3 - c - 1. Let p(o) = 2*o**3 - 6*o**2 - o + 7. Let k(r) = n*x(r) - p(r). What is k(-4)?
12
Let c(b) = b**3 - 4*b - 2 + 9*b - 4*b**2 - 2*b**2 + 0*b**2. Calculate c(5).
-2
Let q(f) = -f**3 + 2*f**2 + 2*f + 1. Let i = -2 - -5. Let z = 1 - i. Determine q(z).
13
Let z(q) = 3*q**3 - 4*q**2 + 2*q - 2. Let v(p) = 4*p**3 - 4*p**2 + 2*p - 1. Let m(l) = 4*v(l) - 5*z(l). Let r be ((-9)/(-6) - (-13)/(-2)) + 0. What is m(r)?
-9
Let q(m) be the second derivative of m**4/12 + 3*m**3/2 + m**2 - 11*m. What is q(-8)?
-6
Let h(c) be the third derivative of c**4/4 + c**3/6 + 3*c**2. Let y be h(-1). Let r(d) = -d**3 - 6*d**2 - 6*d - 5. What is r(y)?
0
Let i(f) = -3*f - 7. Let o(h) = -4*h - 8. Let a(n) = 3*i(n) - 2*o(n). Suppose 0*u - 5 = 4*u - 5*t, -t = -5*u - 1. Let b = 0 + u. What is a(b)?
-5
Let r = -19 + 39. Suppose -3*x + r = 2*x. Let q(u) = u**3 - 3*u**2 - 5*u + 5. Calculate q(x).
1
Let l be (-12)/3*1/2. Let k(p) be the third derivative of p**6/360 + p**5/30 - p**3/2 + 3*p**2. Let r(v) be the first derivative of k(v). Determine r(l).
-4
Let z(v) = -v**3 + 3*v**2 - 2*v - 2. Let b be (90/(-12) + 6)*(1 + -3). What is z(b)?
-8
Let v(b) = -2*b - 1. Suppose -3*s - 7 = -52. Suppose 0 = 4*n - n - s. Give v(n).
-11
Let w(k) = -3*k. Suppose 5*o = -4*u - 96, -98 + 13 = 4*o - 5*u. Let z(r) be the third derivative of r**4/24 - r**2. Let c(i) = o*z(i) - 5*w(i). Determine c(-1).
5
Let r(k) = 5*k**2 + 4*k + 7. Let z(w) = 15*w**2 + 11*w + 20. Let t = 39 - 5. Suppose -l - l - t = 0. Let b(c) = l*r(c) + 6*z(c). What is b(1)?
4
Let l(y) = -y**2 + 4*y + 7. Suppose -4*v = -0*v - 24. Let k be l(v). Let i(t) = t + 4. Determine i(k).
-1
Let x(d) = -d**3 + 2*d**2 + 6*d - 1. Suppose -5*h = 4*q + 1, -6 = 2*h - 0*q + 3*q. Let u(o) = -o + h*o + o - 2. Let n be u(2). What is x(n)?
-9
Let z(o) = 2 - 4*o - o**2 + 5*o - 3*o + 4*o. Let i = -4 - -10. Let x be (2/i)/((-5)/(-30)). Give z(x).
2
Let i(d) = -32*d**2 - 17. Let t(f) = -15*f**2 - 8. Let g(n) = -6*i(n) + 13*t(n). What is g(-2)?
-14
Let p(x) = -x**2 - x - 1. Let y(c) = 2*c**2 + 11*c. Let k(f) = 3*p(f) + y(f). Determine k(6).
9
Let f(x) = -x**3 + 2. Let m = -1 + -3. Let l = m - -1. Let j = l + 3. Give f(j).
2
Let k(g) = 7*g. Let l(z) = 13*z + 1. Let m(w) = 11*k(w) - 6*l(w). Let q(n) = -n**2 + 4*n + 5. Let r be q(5). Suppose -2*u - u = r. What is m(u)?
-6
Let x(y) = 3*y**2 + 3*y + 14. Let n(r) = 4*r**2 + 5*r + 21. Let t(p) = -5*n(p) + 7*x(p). Suppose -8 + 13 = o. Let v(j) = j. Let d be v(o). Calculate t(d).
-2
Let l(b) = 3*b**2 - 3*b. Suppose 0 = -0*h + 3*h - 2*j - 10, 0 = 4*j + 8. Determine l(h).
6
Let g(w) = 5*w + 2. Let s(h) = 14*h + 6. Let t(c) = -17*g(c) + 6*s(c). Calculate t(2).
0
Let g = 11 + -13. Let z(v) = -v**2 + 2*v + 1. Calculate z(g).
-7
Let f(p) be the second derivative of p**4/12 + p**3/6 - 2*p**2 + 2*p. Let m = -19 - -15. Calculate f(m).
8
Let z(i) = 9*i - 16. Let q(d) = -11*d + 16. Let r(o) = -5*q(o) - 6*z(o). What is r(-13)?
3
Let r(g) = g**2 - g - 4. Let w(v) = -v**2 + 8*v - 4. Let f be w(6). Let d(x) = -x + 8. Let s be d(f). Calculate r(s).
-4
Suppose 3*n = -2*n + 20. Let f(t) = t**3 + 5*t**2 - 6*t - 3. Let b(r) = -5*r**3 - 20*r**2 + 25*r + 13. Let q(p) = 2*b(p) + 9*f(p). Calculate q(n).
-1
Let m(l) be the third derivative of 0*l - l**2 + 1/24*l**4 - 5/2*l**3 + 0. Calculate m(0).
-15
Let h(p) = 6*p + 1. Suppose 3*u - f = 12, -4*f - 9 - 6 = -u. Suppose u*i - i + 7 = -m, 6 = -2*i. Determine h(m).
-5
Let u(l) = -l + 1. Suppose 0 = -3*x + 2*b + 19, -x + b - 3 = -11. Let d(q) = q - 2. Let i(f) = x*u(f) + d(f). Determine i(-2).
5
Let d(m) = 3*m + 4*m - 5*m. Let v = 0 - 2. Let g be -2*(-1)/4*v. What is d(g)?
-2
Let a be (1 + 1 - 4)*-1. Let j(n) = -3*n**2 + n**3 - n + 3*n**a - 2 - n. What is j(-2)?
-6
Let w(z) = -z**3 - 4*z**2 - 2*z - 3. Suppose 0 = t - 2 - 2. Suppose -1 = 4*k - 4*l + 7, 2*k + t = 4*l. Let p be k/6 + 16/(-6). Calculate w(